{"id":25,"date":"2024-05-31T15:31:14","date_gmt":"2024-05-31T13:31:14","guid":{"rendered":"https:\/\/topodao.fr\/?page_id=25"},"modified":"2024-05-31T20:08:30","modified_gmt":"2024-05-31T18:08:30","slug":"our-services","status":"publish","type":"page","link":"https:\/\/topodao.fr\/?page_id=25","title":{"rendered":"Services"},"content":{"rendered":"\t\t<div data-elementor-type=\"wp-page\" data-elementor-id=\"25\" class=\"elementor elementor-25\">\n\t\t\t\t<div class=\"elementor-element elementor-element-4f8430b3 e-flex e-con-boxed e-con e-parent\" data-id=\"4f8430b3\" data-element_type=\"container\" data-e-type=\"container\" data-settings=\"{&quot;background_background&quot;:&quot;video&quot;,&quot;background_video_link&quot;:&quot;https:\\\/\\\/youtu.be\\\/qhU7OUf-Y-Y&quot;}\">\n\t\t\t\t\t<div class=\"e-con-inner\">\n\t\t<div class=\"elementor-background-video-container elementor-hidden-mobile\">\n\t\t\t\t\t\t\t<div class=\"elementor-background-video-embed\" role=\"presentation\"><\/div>\n\t\t\t\t\t\t<\/div><div class=\"elementor-element elementor-element-66c691b4 e-con-full e-flex e-con e-child\" data-id=\"66c691b4\" data-element_type=\"container\" data-e-type=\"container\">\n\t\t<div class=\"elementor-element elementor-element-7cc173af e-con-full e-flex e-con e-child\" data-id=\"7cc173af\" data-element_type=\"container\" data-e-type=\"container\" data-settings=\"{&quot;background_background&quot;:&quot;classic&quot;}\">\n\t\t\t\t<\/div>\n\t\t<div class=\"elementor-element elementor-element-591f9b37 e-con-full e-flex e-con e-child\" data-id=\"591f9b37\" data-element_type=\"container\" data-e-type=\"container\">\n\t\t\t\t<div class=\"elementor-element elementor-element-16fa52b6 elementor-widget elementor-widget-heading\" data-id=\"16fa52b6\" data-element_type=\"widget\" data-e-type=\"widget\" data-widget_type=\"heading.default\">\n\t\t\t\t<div class=\"elementor-widget-container\">\n\t\t\t\t\t<h2 class=\"elementor-heading-title elementor-size-default\">Topographie de Pr\u00e9cision :<\/h2>\t\t\t\t<\/div>\n\t\t\t\t<\/div>\n\t\t\t\t<div class=\"elementor-element elementor-element-44dfc547 elementor-widget-divider--view-line elementor-widget elementor-widget-divider\" data-id=\"44dfc547\" data-element_type=\"widget\" data-e-type=\"widget\" data-widget_type=\"divider.default\">\n\t\t\t\t<div class=\"elementor-widget-container\">\n\t\t\t\t\t\t\t<div class=\"elementor-divider\">\n\t\t\t<span class=\"elementor-divider-separator\">\n\t\t\t\t\t\t<\/span>\n\t\t<\/div>\n\t\t\t\t\t\t<\/div>\n\t\t\t\t<\/div>\n\t\t\t\t<div class=\"elementor-element elementor-element-648c5f5d elementor-widget elementor-widget-text-editor\" data-id=\"648c5f5d\" data-element_type=\"widget\" data-e-type=\"widget\" data-widget_type=\"text-editor.default\">\n\t\t\t\t<div class=\"elementor-widget-container\">\n\t\t\t\t\t\t\t\t\t<ul><li>Relev\u00e9 topographique classique avec la station totale TRIMBLE S9<\/li><li>Relev\u00e9 de zones inaccessibles par vis\u00e9e laser<\/li><li>Relev\u00e9 de b\u00e2timents et ouvrages divers<\/li><li>Contr\u00f4le de la stabilit\u00e9 de structures<\/li><li>Contr\u00f4le de plan\u00e9it\u00e9 de dallage<\/li><li>Implantation et bathym\u00e9trie<\/li><\/ul>\t\t\t\t\t\t\t\t<\/div>\n\t\t\t\t<\/div>\n\t\t\t\t<\/div>\n\t\t\t\t<\/div>\n\t\t<div class=\"elementor-element elementor-element-4a9cd723 e-con-full e-flex e-con e-child\" data-id=\"4a9cd723\" data-element_type=\"container\" data-e-type=\"container\">\n\t\t<div class=\"elementor-element elementor-element-4172b5af e-con-full e-flex e-con e-child\" data-id=\"4172b5af\" data-element_type=\"container\" data-e-type=\"container\" data-settings=\"{&quot;background_background&quot;:&quot;classic&quot;}\">\n\t\t\t\t<\/div>\n\t\t<div class=\"elementor-element elementor-element-563ce5e0 e-con-full e-flex e-con e-child\" data-id=\"563ce5e0\" data-element_type=\"container\" data-e-type=\"container\">\n\t\t\t\t<div class=\"elementor-element elementor-element-756f131e elementor-widget elementor-widget-heading\" data-id=\"756f131e\" data-element_type=\"widget\" data-e-type=\"widget\" data-widget_type=\"heading.default\">\n\t\t\t\t<div class=\"elementor-widget-container\">\n\t\t\t\t\t<h2 class=\"elementor-heading-title elementor-size-default\">Travaux Topographiques au GPS :<\/h2>\t\t\t\t<\/div>\n\t\t\t\t<\/div>\n\t\t\t\t<div class=\"elementor-element elementor-element-1c43de5b elementor-widget-divider--view-line elementor-widget elementor-widget-divider\" data-id=\"1c43de5b\" data-element_type=\"widget\" data-e-type=\"widget\" data-widget_type=\"divider.default\">\n\t\t\t\t<div class=\"elementor-widget-container\">\n\t\t\t\t\t\t\t<div class=\"elementor-divider\">\n\t\t\t<span class=\"elementor-divider-separator\">\n\t\t\t\t\t\t<\/span>\n\t\t<\/div>\n\t\t\t\t\t\t<\/div>\n\t\t\t\t<\/div>\n\t\t\t\t<div class=\"elementor-element elementor-element-130cb5b5 elementor-widget elementor-widget-text-editor\" data-id=\"130cb5b5\" data-element_type=\"widget\" data-e-type=\"widget\" data-widget_type=\"text-editor.default\">\n\t\t\t\t<div class=\"elementor-widget-container\">\n\t\t\t\t\t\t\t\t\t<p>Relev\u00e9 et implantation de points remarquables avec les capteurs Leica GS10, offrant une pr\u00e9cision centim\u00e9trique<\/p>\t\t\t\t\t\t\t\t<\/div>\n\t\t\t\t<\/div>\n\t\t\t\t<\/div>\n\t\t\t\t<\/div>\n\t\t<div class=\"elementor-element elementor-element-527f3161 e-con-full e-flex e-con e-child\" data-id=\"527f3161\" data-element_type=\"container\" data-e-type=\"container\">\n\t\t<div class=\"elementor-element elementor-element-3af31d1c e-con-full e-flex e-con e-child\" data-id=\"3af31d1c\" data-element_type=\"container\" data-e-type=\"container\" data-settings=\"{&quot;background_background&quot;:&quot;classic&quot;}\">\n\t\t\t\t<\/div>\n\t\t<div class=\"elementor-element elementor-element-2793d952 e-con-full e-flex e-con e-child\" data-id=\"2793d952\" data-element_type=\"container\" data-e-type=\"container\">\n\t\t\t\t<div class=\"elementor-element elementor-element-70b46773 elementor-widget elementor-widget-heading\" data-id=\"70b46773\" data-element_type=\"widget\" data-e-type=\"widget\" data-widget_type=\"heading.default\">\n\t\t\t\t<div class=\"elementor-widget-container\">\n\t\t\t\t\t<h2 class=\"elementor-heading-title elementor-size-default\">Dessin Assist\u00e9 par Ordinateur :<\/h2>\t\t\t\t<\/div>\n\t\t\t\t<\/div>\n\t\t\t\t<div class=\"elementor-element elementor-element-342d3419 elementor-widget-divider--view-line elementor-widget elementor-widget-divider\" data-id=\"342d3419\" data-element_type=\"widget\" data-e-type=\"widget\" data-widget_type=\"divider.default\">\n\t\t\t\t<div class=\"elementor-widget-container\">\n\t\t\t\t\t\t\t<div class=\"elementor-divider\">\n\t\t\t<span class=\"elementor-divider-separator\">\n\t\t\t\t\t\t<\/span>\n\t\t<\/div>\n\t\t\t\t\t\t<\/div>\n\t\t\t\t<\/div>\n\t\t\t\t<div class=\"elementor-element elementor-element-58ece96a elementor-widget elementor-widget-text-editor\" data-id=\"58ece96a\" data-element_type=\"widget\" data-e-type=\"widget\" data-widget_type=\"text-editor.default\">\n\t\t\t\t<div class=\"elementor-widget-container\">\n\t\t\t\t\t\t\t\t\t<p>Interpr\u00e9tation des relev\u00e9s en 2D ou 3D Calcul de Mod\u00e8le Num\u00e9rique de Terrain (MNT) Dessin de profils Calcul de surfaces et cubatures<\/p>\t\t\t\t\t\t\t\t<\/div>\n\t\t\t\t<\/div>\n\t\t\t\t<\/div>\n\t\t\t\t<\/div>\n\t\t\t\t\t<\/div>\n\t\t\t\t<\/div>\n\t\t<div class=\"elementor-element elementor-element-72365be8 e-flex e-con-boxed e-con e-parent\" data-id=\"72365be8\" data-element_type=\"container\" data-e-type=\"container\">\n\t\t\t\t\t<div class=\"e-con-inner\">\n\t\t<div class=\"elementor-element elementor-element-2e8b6a95 e-con-full e-flex e-con e-child\" data-id=\"2e8b6a95\" data-element_type=\"container\" data-e-type=\"container\">\n\t\t\t\t<div class=\"elementor-element elementor-element-5f8f5ed9 elementor-widget elementor-widget-heading\" data-id=\"5f8f5ed9\" data-element_type=\"widget\" data-e-type=\"widget\" data-widget_type=\"heading.default\">\n\t\t\t\t<div class=\"elementor-widget-container\">\n\t\t\t\t\t<h6 class=\"elementor-heading-title elementor-size-default\">Une longue exp\u00e9rience <\/h6>\t\t\t\t<\/div>\n\t\t\t\t<\/div>\n\t\t\t\t<div class=\"elementor-element elementor-element-5731af1d elementor-widget elementor-widget-heading\" data-id=\"5731af1d\" data-element_type=\"widget\" data-e-type=\"widget\" data-widget_type=\"heading.default\">\n\t\t\t\t<div class=\"elementor-widget-container\">\n\t\t\t\t\t<h2 class=\"elementor-heading-title elementor-size-default\">Note de Jean-Jacques NICAISE (g\u00e9rant)<\/h2>\t\t\t\t<\/div>\n\t\t\t\t<\/div>\n\t\t\t\t<div class=\"elementor-element elementor-element-5a5cd79a elementor-widget__width-initial elementor-widget-mobile__width-inherit elementor-widget elementor-widget-text-editor\" data-id=\"5a5cd79a\" data-element_type=\"widget\" data-e-type=\"widget\" data-widget_type=\"text-editor.default\">\n\t\t\t\t<div class=\"elementor-widget-container\">\n\t\t\t\t\t\t\t\t\t<p><strong><span class=\"fontstyle0\">Topographe depuis 1986, j\u2019ai pass\u00e9 10 ans en cabinet de g\u00e9om\u00e8tre, 10 ans en bureau d\u2019\u00e9tude de sol et cr\u00e9\u00e9 TOPO &amp; DAO <\/span><span class=\"fontstyle0\">d\u00e9but 2006.<\/span><\/strong><\/p><p><strong><span class=\"fontstyle0\">En cabinet de g\u00e9om\u00e8tre, j\u2019ai d\u00e9velopp\u00e9 mon plaisir du travail bien fait, avec pr\u00e9cision, m\u00e9thode, rigueur.<br \/><\/span><span class=\"fontstyle0\">En bureau d\u2019\u00e9tudes de sol, j\u2019ai compl\u00e9t\u00e9 mon exp\u00e9rience en DAO et d\u00e9couvert les probl\u00e9matiques g\u00e9otechniques, <\/span><span class=\"fontstyle0\">hydrog\u00e9ologiques, environnementales, la m\u00e9canique des sols et des ouvrages.<br \/><\/span><span class=\"fontstyle0\">Fort de cette exp\u00e9rience, je peux aujourd\u2019hui m\u2019adapter \u00e0 tout type d\u2019intervention topographique sur une zone g\u00e9ographique <\/span><span class=\"fontstyle0\">sans limite<\/span><span class=\"fontstyle2\">.<\/span><\/strong><\/p>\t\t\t\t\t\t\t\t<\/div>\n\t\t\t\t<\/div>\n\t\t\t\t<\/div>\n\t\t<div class=\"elementor-element elementor-element-14433871 e-con-full e-flex e-con e-child\" data-id=\"14433871\" data-element_type=\"container\" data-e-type=\"container\" data-settings=\"{&quot;background_background&quot;:&quot;classic&quot;}\">\n\t\t\t\t<div class=\"elementor-element elementor-element-3f7925dc elementor-widget__width-initial elementor-widget elementor-widget-image\" data-id=\"3f7925dc\" data-element_type=\"widget\" data-e-type=\"widget\" data-widget_type=\"image.default\">\n\t\t\t\t<div class=\"elementor-widget-container\">\n\t\t\t\t\t\t\t\t\t\t\t\t\t\t\t<img fetchpriority=\"high\" decoding=\"async\" width=\"588\" height=\"703\" src=\"https:\/\/topodao.fr\/wp-content\/uploads\/2024\/05\/Sabart2.jpg\" class=\"attachment-full size-full wp-image-188\" alt=\"\" srcset=\"https:\/\/topodao.fr\/wp-content\/uploads\/2024\/05\/Sabart2.jpg 588w, https:\/\/topodao.fr\/wp-content\/uploads\/2024\/05\/Sabart2-251x300.jpg 251w\" sizes=\"(max-width: 588px) 100vw, 588px\" \/>\t\t\t\t\t\t\t\t\t\t\t\t\t\t\t<\/div>\n\t\t\t\t<\/div>\n\t\t\t\t<div class=\"elementor-element elementor-element-5fef894 elementor-widget elementor-widget-image\" data-id=\"5fef894\" data-element_type=\"widget\" data-e-type=\"widget\" data-widget_type=\"image.default\">\n\t\t\t\t<div class=\"elementor-widget-container\">\n\t\t\t\t\t\t\t\t\t\t\t\t\t\t\t<img decoding=\"async\" width=\"1172\" height=\"781\" src=\"https:\/\/topodao.fr\/wp-content\/uploads\/2024\/05\/Saliesgps1.jpg\" class=\"attachment-full size-full wp-image-189\" alt=\"\" srcset=\"https:\/\/topodao.fr\/wp-content\/uploads\/2024\/05\/Saliesgps1.jpg 1172w, https:\/\/topodao.fr\/wp-content\/uploads\/2024\/05\/Saliesgps1-300x200.jpg 300w, https:\/\/topodao.fr\/wp-content\/uploads\/2024\/05\/Saliesgps1-1024x682.jpg 1024w, https:\/\/topodao.fr\/wp-content\/uploads\/2024\/05\/Saliesgps1-768x512.jpg 768w\" sizes=\"(max-width: 1172px) 100vw, 1172px\" \/>\t\t\t\t\t\t\t\t\t\t\t\t\t\t\t<\/div>\n\t\t\t\t<\/div>\n\t\t\t\t<\/div>\n\t\t\t\t\t<\/div>\n\t\t\t\t<\/div>\n\t\t\t\t<\/div>\n\t\t","protected":false},"excerpt":{"rendered":"<p>Topographie de Pr\u00e9cision : Relev\u00e9 topographique classique avec la station totale TRIMBLE S9 Relev\u00e9 de zones inaccessibles par vis\u00e9e laser Relev\u00e9 de b\u00e2timents et ouvrages divers Contr\u00f4le de la stabilit\u00e9 de structures Contr\u00f4le de plan\u00e9it\u00e9 de dallage Implantation et bathym\u00e9trie Travaux Topographiques au GPS : Relev\u00e9 et implantation de points remarquables avec les capteurs Leica [&hellip;]<\/p>\n","protected":false},"author":1,"featured_media":0,"parent":0,"menu_order":0,"comment_status":"closed","ping_status":"closed","template":"elementor_header_footer","meta":{"footnotes":""},"class_list":["post-25","page","type-page","status-publish","hentry"],"yoast_head":"<!-- This site is optimized with the Yoast SEO plugin v27.5 - https:\/\/yoast.com\/product\/yoast-seo-wordpress\/ -->\n<title>Services - TOPO &amp; DAO<\/title>\n<meta name=\"robots\" content=\"index, follow, max-snippet:-1, max-image-preview:large, max-video-preview:-1\" \/>\n<link rel=\"canonical\" href=\"https:\/\/topodao.fr\/?page_id=25\" \/>\n<meta property=\"og:locale\" content=\"fr_FR\" \/>\n<meta property=\"og:type\" content=\"article\" \/>\n<meta property=\"og:title\" content=\"Services - TOPO &amp; DAO\" \/>\n<meta property=\"og:description\" content=\"Topographie de Pr\u00e9cision : Relev\u00e9 topographique classique avec la station totale TRIMBLE S9 Relev\u00e9 de zones inaccessibles par vis\u00e9e laser Relev\u00e9 de b\u00e2timents et ouvrages divers Contr\u00f4le de la stabilit\u00e9 de structures Contr\u00f4le de plan\u00e9it\u00e9 de dallage Implantation et bathym\u00e9trie Travaux Topographiques au GPS : Relev\u00e9 et implantation de points remarquables avec les capteurs Leica [&hellip;]\" \/>\n<meta property=\"og:url\" content=\"https:\/\/topodao.fr\/?page_id=25\" \/>\n<meta property=\"og:site_name\" content=\"TOPO &amp; DAO\" \/>\n<meta property=\"article:modified_time\" content=\"2024-05-31T18:08:30+00:00\" \/>\n<meta property=\"og:image\" content=\"https:\/\/topodao.fr\/wp-content\/uploads\/2024\/05\/Sabart2.jpg\" \/>\n<meta name=\"twitter:card\" content=\"summary_large_image\" \/>\n<meta name=\"twitter:label1\" content=\"Dur\u00e9e de lecture estim\u00e9e\" \/>\n\t<meta name=\"twitter:data1\" content=\"2 minutes\" \/>\n<script type=\"application\/ld+json\" class=\"yoast-schema-graph\">{\"@context\":\"https:\\\/\\\/schema.org\",\"@graph\":[{\"@type\":\"WebPage\",\"@id\":\"https:\\\/\\\/topodao.fr\\\/?page_id=25\",\"url\":\"https:\\\/\\\/topodao.fr\\\/?page_id=25\",\"name\":\"Services - TOPO &amp; DAO\",\"isPartOf\":{\"@id\":\"https:\\\/\\\/topodao.fr\\\/#website\"},\"primaryImageOfPage\":{\"@id\":\"https:\\\/\\\/topodao.fr\\\/?page_id=25#primaryimage\"},\"image\":{\"@id\":\"https:\\\/\\\/topodao.fr\\\/?page_id=25#primaryimage\"},\"thumbnailUrl\":\"https:\\\/\\\/topodao.fr\\\/wp-content\\\/uploads\\\/2024\\\/05\\\/Sabart2.jpg\",\"datePublished\":\"2024-05-31T13:31:14+00:00\",\"dateModified\":\"2024-05-31T18:08:30+00:00\",\"breadcrumb\":{\"@id\":\"https:\\\/\\\/topodao.fr\\\/?page_id=25#breadcrumb\"},\"inLanguage\":\"fr-FR\",\"potentialAction\":[{\"@type\":\"ReadAction\",\"target\":[\"https:\\\/\\\/topodao.fr\\\/?page_id=25\"]}]},{\"@type\":\"ImageObject\",\"inLanguage\":\"fr-FR\",\"@id\":\"https:\\\/\\\/topodao.fr\\\/?page_id=25#primaryimage\",\"url\":\"https:\\\/\\\/topodao.fr\\\/wp-content\\\/uploads\\\/2024\\\/05\\\/Sabart2.jpg\",\"contentUrl\":\"https:\\\/\\\/topodao.fr\\\/wp-content\\\/uploads\\\/2024\\\/05\\\/Sabart2.jpg\",\"width\":588,\"height\":703},{\"@type\":\"BreadcrumbList\",\"@id\":\"https:\\\/\\\/topodao.fr\\\/?page_id=25#breadcrumb\",\"itemListElement\":[{\"@type\":\"ListItem\",\"position\":1,\"name\":\"Accueil\",\"item\":\"https:\\\/\\\/topodao.fr\\\/\"},{\"@type\":\"ListItem\",\"position\":2,\"name\":\"Services\"}]},{\"@type\":\"WebSite\",\"@id\":\"https:\\\/\\\/topodao.fr\\\/#website\",\"url\":\"https:\\\/\\\/topodao.fr\\\/\",\"name\":\"TOPO et DAO\",\"description\":\"Des relev\u00e9s pr\u00e9cis et des dessins assist\u00e9s par ordinateur pour garantir la r\u00e9ussite de vos projets\",\"publisher\":{\"@id\":\"https:\\\/\\\/topodao.fr\\\/#organization\"},\"potentialAction\":[{\"@type\":\"SearchAction\",\"target\":{\"@type\":\"EntryPoint\",\"urlTemplate\":\"https:\\\/\\\/topodao.fr\\\/?s={search_term_string}\"},\"query-input\":{\"@type\":\"PropertyValueSpecification\",\"valueRequired\":true,\"valueName\":\"search_term_string\"}}],\"inLanguage\":\"fr-FR\"},{\"@type\":\"Organization\",\"@id\":\"https:\\\/\\\/topodao.fr\\\/#organization\",\"name\":\"TOPO et DAO\",\"url\":\"https:\\\/\\\/topodao.fr\\\/\",\"logo\":{\"@type\":\"ImageObject\",\"inLanguage\":\"fr-FR\",\"@id\":\"https:\\\/\\\/topodao.fr\\\/#\\\/schema\\\/logo\\\/image\\\/\",\"url\":\"https:\\\/\\\/topodao.fr\\\/wp-content\\\/uploads\\\/2024\\\/05\\\/ToPoLogo.webp\",\"contentUrl\":\"https:\\\/\\\/topodao.fr\\\/wp-content\\\/uploads\\\/2024\\\/05\\\/ToPoLogo.webp\",\"width\":292,\"height\":274,\"caption\":\"TOPO et DAO\"},\"image\":{\"@id\":\"https:\\\/\\\/topodao.fr\\\/#\\\/schema\\\/logo\\\/image\\\/\"}}]}<\/script>\n<!-- \/ Yoast SEO plugin. -->","yoast_head_json":{"title":"Services - TOPO &amp; DAO","robots":{"index":"index","follow":"follow","max-snippet":"max-snippet:-1","max-image-preview":"max-image-preview:large","max-video-preview":"max-video-preview:-1"},"canonical":"https:\/\/topodao.fr\/?page_id=25","og_locale":"fr_FR","og_type":"article","og_title":"Services - TOPO &amp; DAO","og_description":"Topographie de Pr\u00e9cision : Relev\u00e9 topographique classique avec la station totale TRIMBLE S9 Relev\u00e9 de zones inaccessibles par vis\u00e9e laser Relev\u00e9 de b\u00e2timents et ouvrages divers Contr\u00f4le de la stabilit\u00e9 de structures Contr\u00f4le de plan\u00e9it\u00e9 de dallage Implantation et bathym\u00e9trie Travaux Topographiques au GPS : Relev\u00e9 et implantation de points remarquables avec les capteurs Leica [&hellip;]","og_url":"https:\/\/topodao.fr\/?page_id=25","og_site_name":"TOPO &amp; DAO","article_modified_time":"2024-05-31T18:08:30+00:00","og_image":[{"url":"https:\/\/topodao.fr\/wp-content\/uploads\/2024\/05\/Sabart2.jpg","type":"","width":"","height":""}],"twitter_card":"summary_large_image","twitter_misc":{"Dur\u00e9e de lecture estim\u00e9e":"2 minutes"},"schema":{"@context":"https:\/\/schema.org","@graph":[{"@type":"WebPage","@id":"https:\/\/topodao.fr\/?page_id=25","url":"https:\/\/topodao.fr\/?page_id=25","name":"Services - TOPO &amp; DAO","isPartOf":{"@id":"https:\/\/topodao.fr\/#website"},"primaryImageOfPage":{"@id":"https:\/\/topodao.fr\/?page_id=25#primaryimage"},"image":{"@id":"https:\/\/topodao.fr\/?page_id=25#primaryimage"},"thumbnailUrl":"https:\/\/topodao.fr\/wp-content\/uploads\/2024\/05\/Sabart2.jpg","datePublished":"2024-05-31T13:31:14+00:00","dateModified":"2024-05-31T18:08:30+00:00","breadcrumb":{"@id":"https:\/\/topodao.fr\/?page_id=25#breadcrumb"},"inLanguage":"fr-FR","potentialAction":[{"@type":"ReadAction","target":["https:\/\/topodao.fr\/?page_id=25"]}]},{"@type":"ImageObject","inLanguage":"fr-FR","@id":"https:\/\/topodao.fr\/?page_id=25#primaryimage","url":"https:\/\/topodao.fr\/wp-content\/uploads\/2024\/05\/Sabart2.jpg","contentUrl":"https:\/\/topodao.fr\/wp-content\/uploads\/2024\/05\/Sabart2.jpg","width":588,"height":703},{"@type":"BreadcrumbList","@id":"https:\/\/topodao.fr\/?page_id=25#breadcrumb","itemListElement":[{"@type":"ListItem","position":1,"name":"Accueil","item":"https:\/\/topodao.fr\/"},{"@type":"ListItem","position":2,"name":"Services"}]},{"@type":"WebSite","@id":"https:\/\/topodao.fr\/#website","url":"https:\/\/topodao.fr\/","name":"TOPO et DAO","description":"Des relev\u00e9s pr\u00e9cis et des dessins assist\u00e9s par ordinateur pour garantir la r\u00e9ussite de vos projets","publisher":{"@id":"https:\/\/topodao.fr\/#organization"},"potentialAction":[{"@type":"SearchAction","target":{"@type":"EntryPoint","urlTemplate":"https:\/\/topodao.fr\/?s={search_term_string}"},"query-input":{"@type":"PropertyValueSpecification","valueRequired":true,"valueName":"search_term_string"}}],"inLanguage":"fr-FR"},{"@type":"Organization","@id":"https:\/\/topodao.fr\/#organization","name":"TOPO et DAO","url":"https:\/\/topodao.fr\/","logo":{"@type":"ImageObject","inLanguage":"fr-FR","@id":"https:\/\/topodao.fr\/#\/schema\/logo\/image\/","url":"https:\/\/topodao.fr\/wp-content\/uploads\/2024\/05\/ToPoLogo.webp","contentUrl":"https:\/\/topodao.fr\/wp-content\/uploads\/2024\/05\/ToPoLogo.webp","width":292,"height":274,"caption":"TOPO et DAO"},"image":{"@id":"https:\/\/topodao.fr\/#\/schema\/logo\/image\/"}}]}},"_links":{"self":[{"href":"https:\/\/topodao.fr\/index.php?rest_route=\/wp\/v2\/pages\/25","targetHints":{"allow":["GET"]}}],"collection":[{"href":"https:\/\/topodao.fr\/index.php?rest_route=\/wp\/v2\/pages"}],"about":[{"href":"https:\/\/topodao.fr\/index.php?rest_route=\/wp\/v2\/types\/page"}],"author":[{"embeddable":true,"href":"https:\/\/topodao.fr\/index.php?rest_route=\/wp\/v2\/users\/1"}],"replies":[{"embeddable":true,"href":"https:\/\/topodao.fr\/index.php?rest_route=%2Fwp%2Fv2%2Fcomments&post=25"}],"version-history":[{"count":65,"href":"https:\/\/topodao.fr\/index.php?rest_route=\/wp\/v2\/pages\/25\/revisions"}],"predecessor-version":[{"id":277,"href":"https:\/\/topodao.fr\/index.php?rest_route=\/wp\/v2\/pages\/25\/revisions\/277"}],"wp:attachment":[{"href":"https:\/\/topodao.fr\/index.php?rest_route=%2Fwp%2Fv2%2Fmedia&parent=25"}],"curies":[{"name":"wp","href":"https:\/\/api.w.org\/{rel}","templated":true}]}}