{"id":20,"date":"2024-05-31T15:31:13","date_gmt":"2024-05-31T13:31:13","guid":{"rendered":"https:\/\/topodao.fr\/?page_id=20"},"modified":"2024-05-31T18:31:12","modified_gmt":"2024-05-31T16:31:12","slug":"contact-us","status":"publish","type":"page","link":"https:\/\/topodao.fr\/?page_id=20","title":{"rendered":"Contact Us"},"content":{"rendered":"\t\t<div data-elementor-type=\"wp-page\" data-elementor-id=\"20\" class=\"elementor elementor-20\">\n\t\t\t\t<div class=\"elementor-element elementor-element-731188c3 e-con-full e-flex e-con e-parent\" data-id=\"731188c3\" data-element_type=\"container\" data-e-type=\"container\">\n\t\t<div class=\"elementor-element elementor-element-1722e2b3 e-con-full e-flex e-con e-child\" data-id=\"1722e2b3\" data-element_type=\"container\" data-e-type=\"container\">\n\t\t\t\t<div class=\"elementor-element elementor-element-24ef0663 elementor-widget elementor-widget-heading\" data-id=\"24ef0663\" data-element_type=\"widget\" data-e-type=\"widget\" data-widget_type=\"heading.default\">\n\t\t\t\t<div class=\"elementor-widget-container\">\n\t\t\t\t\t<h1 class=\"elementor-heading-title elementor-size-default\"> + Contact +<\/h1>\t\t\t\t<\/div>\n\t\t\t\t<\/div>\n\t\t\t\t<div class=\"elementor-element elementor-element-2e213208 elementor-widget elementor-widget-text-editor\" data-id=\"2e213208\" data-element_type=\"widget\" data-e-type=\"widget\" data-widget_type=\"text-editor.default\">\n\t\t\t\t<div class=\"elementor-widget-container\">\n\t\t\t\t\t\t\t\t\t<p><span style=\"text-decoration: underline;\">Adresse :<\/span><\/p><p><span class=\"fontstyle0\">86bis avenue de Fronton<br \/>31200 <br \/>TOULOUSE<\/span><\/p><p><span class=\"fontstyle0\"><strong>T\u00e9l :<\/strong> 06.85.64.74.51 <\/span><\/p><p><span class=\"fontstyle0\"><strong>Email :<\/strong> contact@topodao.fr<\/span><\/p>\t\t\t\t\t\t\t\t<\/div>\n\t\t\t\t<\/div>\n\t\t\t\t<\/div>\n\t\t<div class=\"elementor-element elementor-element-580211ad e-con-full e-flex e-con e-child\" data-id=\"580211ad\" data-element_type=\"container\" data-e-type=\"container\">\n\t\t\t\t<div class=\"elementor-element elementor-element-45c1819a elementor-widget elementor-widget-image\" data-id=\"45c1819a\" data-element_type=\"widget\" data-e-type=\"widget\" data-widget_type=\"image.default\">\n\t\t\t\t<div class=\"elementor-widget-container\">\n\t\t\t\t\t\t\t\t\t\t\t\t\t\t\t<img fetchpriority=\"high\" decoding=\"async\" width=\"713\" height=\"438\" src=\"https:\/\/topodao.fr\/wp-content\/uploads\/2024\/05\/logo.jpg\" class=\"attachment-large size-large wp-image-12\" alt=\"\" srcset=\"https:\/\/topodao.fr\/wp-content\/uploads\/2024\/05\/logo.jpg 713w, https:\/\/topodao.fr\/wp-content\/uploads\/2024\/05\/logo-300x184.jpg 300w\" sizes=\"(max-width: 713px) 100vw, 713px\" \/>\t\t\t\t\t\t\t\t\t\t\t\t\t\t\t<\/div>\n\t\t\t\t<\/div>\n\t\t\t\t<\/div>\n\t\t\t\t<\/div>\n\t\t<div class=\"elementor-element elementor-element-52c01cd e-con-full e-flex e-con e-parent\" data-id=\"52c01cd\" data-element_type=\"container\" data-e-type=\"container\" data-settings=\"{&quot;background_background&quot;:&quot;classic&quot;}\">\n\t\t<div class=\"elementor-element elementor-element-fab331b e-con-full e-flex e-con e-child\" data-id=\"fab331b\" data-element_type=\"container\" data-e-type=\"container\">\n\t\t\t\t<div class=\"elementor-element elementor-element-15e259d3 elementor-widget elementor-widget-image\" data-id=\"15e259d3\" data-element_type=\"widget\" data-e-type=\"widget\" data-widget_type=\"image.default\">\n\t\t\t\t<div class=\"elementor-widget-container\">\n\t\t\t\t\t\t\t\t\t\t\t\t\t\t\t<img decoding=\"async\" width=\"800\" height=\"600\" src=\"https:\/\/topodao.fr\/wp-content\/uploads\/2024\/05\/Sabart-st-1024x768.jpg\" class=\"attachment-large size-large wp-image-84\" alt=\"\" srcset=\"https:\/\/topodao.fr\/wp-content\/uploads\/2024\/05\/Sabart-st-1024x768.jpg 1024w, https:\/\/topodao.fr\/wp-content\/uploads\/2024\/05\/Sabart-st-300x225.jpg 300w, https:\/\/topodao.fr\/wp-content\/uploads\/2024\/05\/Sabart-st-768x576.jpg 768w, https:\/\/topodao.fr\/wp-content\/uploads\/2024\/05\/Sabart-st-1536x1152.jpg 1536w, https:\/\/topodao.fr\/wp-content\/uploads\/2024\/05\/Sabart-st-2048x1536.jpg 2048w\" sizes=\"(max-width: 800px) 100vw, 800px\" \/>\t\t\t\t\t\t\t\t\t\t\t\t\t\t\t<\/div>\n\t\t\t\t<\/div>\n\t\t\t\t<\/div>\n\t\t<div class=\"elementor-element elementor-element-4654294d e-con-full e-flex e-con e-child\" data-id=\"4654294d\" data-element_type=\"container\" data-e-type=\"container\">\n\t\t\t\t<div class=\"elementor-element elementor-element-2a04bb29 elementor-align-start elementor-icon-list--layout-traditional elementor-list-item-link-full_width elementor-widget elementor-widget-icon-list\" data-id=\"2a04bb29\" data-element_type=\"widget\" data-e-type=\"widget\" data-widget_type=\"icon-list.default\">\n\t\t\t\t<div class=\"elementor-widget-container\">\n\t\t\t\t\t\t\t<ul class=\"elementor-icon-list-items\">\n\t\t\t\t\t\t\t<li class=\"elementor-icon-list-item\">\n\t\t\t\t\t\t\t\t\t\t<span class=\"elementor-icon-list-text\"><b>Addresse:<\/b> 86bis avenue de Fronton, 31200 Toulouse<\/span>\n\t\t\t\t\t\t\t\t\t<\/li>\n\t\t\t\t\t\t\t\t<li class=\"elementor-icon-list-item\">\n\t\t\t\t\t\t\t\t\t\t<span class=\"elementor-icon-list-text\"><b>Joignable:<\/b> Lun-Ven 09h00 \u00e0 17h00<\/span>\n\t\t\t\t\t\t\t\t\t<\/li>\n\t\t\t\t\t\t\t\t<li class=\"elementor-icon-list-item\">\n\t\t\t\t\t\t\t\t\t\t<span class=\"elementor-icon-list-text\"><b>T\u00e9l\u00e9phone:<\/b> 06.85.64.74.51<\/span>\n\t\t\t\t\t\t\t\t\t<\/li>\n\t\t\t\t\t\t\t\t<li class=\"elementor-icon-list-item\">\n\t\t\t\t\t\t\t\t\t\t<span class=\"elementor-icon-list-text\"><b>Email:<\/b> contact@topodao.fr<\/span>\n\t\t\t\t\t\t\t\t\t<\/li>\n\t\t\t\t\t\t<\/ul>\n\t\t\t\t\t\t<\/div>\n\t\t\t\t<\/div>\n\t\t\t\t<\/div>\n\t\t\t\t<\/div>\n\t\t<div class=\"elementor-element elementor-element-48a238f2 e-con-full e-flex e-con e-parent\" data-id=\"48a238f2\" data-element_type=\"container\" data-e-type=\"container\">\n\t\t<div class=\"elementor-element elementor-element-3bfbe4eb e-con-full e-flex e-con e-child\" data-id=\"3bfbe4eb\" data-element_type=\"container\" data-e-type=\"container\" data-settings=\"{&quot;background_background&quot;:&quot;classic&quot;}\">\n\t\t\t\t<div class=\"elementor-element elementor-element-70d997e8 elementor-widget elementor-widget-google_maps\" data-id=\"70d997e8\" data-element_type=\"widget\" data-e-type=\"widget\" data-widget_type=\"google_maps.default\">\n\t\t\t\t<div class=\"elementor-widget-container\">\n\t\t\t\t\t\t\t<div class=\"elementor-custom-embed\">\n\t\t\t<iframe loading=\"lazy\"\n\t\t\t\t\tsrc=\"https:\/\/maps.google.com\/maps?q=86bis%20avenue%20de%20Fronton%2C%2031200%20Toulouse&#038;t=m&#038;z=17&#038;output=embed&#038;iwloc=near\"\n\t\t\t\t\ttitle=\"86bis avenue de Fronton, 31200 Toulouse\"\n\t\t\t\t\taria-label=\"86bis avenue de Fronton, 31200 Toulouse\"\n\t\t\t><\/iframe>\n\t\t<\/div>\n\t\t\t\t\t\t<\/div>\n\t\t\t\t<\/div>\n\t\t\t\t<\/div>\n\t\t\t\t<\/div>\n\t\t<div class=\"elementor-element elementor-element-a95de1 e-con-full e-flex e-con e-parent\" data-id=\"a95de1\" data-element_type=\"container\" data-e-type=\"container\" data-settings=\"{&quot;background_background&quot;:&quot;classic&quot;}\">\n\t\t\t\t<div class=\"elementor-element elementor-element-3c22bb7e elementor-widget elementor-widget-heading\" data-id=\"3c22bb7e\" data-element_type=\"widget\" data-e-type=\"widget\" data-widget_type=\"heading.default\">\n\t\t\t\t<div class=\"elementor-widget-container\">\n\t\t\t\t\t<p class=\"elementor-heading-title elementor-size-default\">\u00a9 Tous droits r\u00e9serv\u00e9s TOPO&amp;DAO<\/p>\t\t\t\t<\/div>\n\t\t\t\t<\/div>\n\t\t\t\t<\/div>\n\t\t\t\t<\/div>\n\t\t","protected":false},"excerpt":{"rendered":"<p>+ Contact + Adresse : 86bis avenue de Fronton31200 TOULOUSE T\u00e9l : 06.85.64.74.51 Email : contact@topodao.fr Addresse: 86bis avenue de Fronton, 31200 Toulouse Joignable: Lun-Ven 09h00 \u00e0 17h00 T\u00e9l\u00e9phone: 06.85.64.74.51 Email: contact@topodao.fr \u00a9 Tous droits r\u00e9serv\u00e9s TOPO&#038;DAO<\/p>\n","protected":false},"author":1,"featured_media":0,"parent":0,"menu_order":0,"comment_status":"closed","ping_status":"closed","template":"elementor_header_footer","meta":{"footnotes":""},"class_list":["post-20","page","type-page","status-publish","hentry"],"yoast_head":"<!-- This site is optimized with the Yoast SEO plugin v27.5 - https:\/\/yoast.com\/product\/yoast-seo-wordpress\/ -->\n<title>Contact Us - TOPO &amp; DAO<\/title>\n<meta name=\"robots\" content=\"index, follow, max-snippet:-1, max-image-preview:large, max-video-preview:-1\" \/>\n<link rel=\"canonical\" href=\"https:\/\/topodao.fr\/?page_id=20\" \/>\n<meta property=\"og:locale\" content=\"fr_FR\" \/>\n<meta property=\"og:type\" content=\"article\" \/>\n<meta property=\"og:title\" content=\"Contact Us - TOPO &amp; DAO\" \/>\n<meta property=\"og:description\" content=\"+ Contact + Adresse : 86bis avenue de Fronton31200 TOULOUSE T\u00e9l : 06.85.64.74.51 Email : contact@topodao.fr Addresse: 86bis avenue de Fronton, 31200 Toulouse Joignable: Lun-Ven 09h00 \u00e0 17h00 T\u00e9l\u00e9phone: 06.85.64.74.51 Email: contact@topodao.fr \u00a9 Tous droits r\u00e9serv\u00e9s TOPO&#038;DAO\" \/>\n<meta property=\"og:url\" content=\"https:\/\/topodao.fr\/?page_id=20\" \/>\n<meta property=\"og:site_name\" content=\"TOPO &amp; DAO\" \/>\n<meta property=\"article:modified_time\" content=\"2024-05-31T16:31:12+00:00\" \/>\n<meta property=\"og:image\" content=\"https:\/\/topodao.fr\/wp-content\/uploads\/2024\/05\/logo.jpg\" \/>\n<meta name=\"twitter:card\" content=\"summary_large_image\" \/>\n<meta name=\"twitter:label1\" content=\"Dur\u00e9e de lecture estim\u00e9e\" \/>\n\t<meta name=\"twitter:data1\" content=\"1 minute\" \/>\n<script type=\"application\/ld+json\" class=\"yoast-schema-graph\">{\"@context\":\"https:\\\/\\\/schema.org\",\"@graph\":[{\"@type\":\"WebPage\",\"@id\":\"https:\\\/\\\/topodao.fr\\\/?page_id=20\",\"url\":\"https:\\\/\\\/topodao.fr\\\/?page_id=20\",\"name\":\"Contact Us - TOPO &amp; DAO\",\"isPartOf\":{\"@id\":\"https:\\\/\\\/topodao.fr\\\/#website\"},\"primaryImageOfPage\":{\"@id\":\"https:\\\/\\\/topodao.fr\\\/?page_id=20#primaryimage\"},\"image\":{\"@id\":\"https:\\\/\\\/topodao.fr\\\/?page_id=20#primaryimage\"},\"thumbnailUrl\":\"https:\\\/\\\/topodao.fr\\\/wp-content\\\/uploads\\\/2024\\\/05\\\/logo.jpg\",\"datePublished\":\"2024-05-31T13:31:13+00:00\",\"dateModified\":\"2024-05-31T16:31:12+00:00\",\"breadcrumb\":{\"@id\":\"https:\\\/\\\/topodao.fr\\\/?page_id=20#breadcrumb\"},\"inLanguage\":\"fr-FR\",\"potentialAction\":[{\"@type\":\"ReadAction\",\"target\":[\"https:\\\/\\\/topodao.fr\\\/?page_id=20\"]}]},{\"@type\":\"ImageObject\",\"inLanguage\":\"fr-FR\",\"@id\":\"https:\\\/\\\/topodao.fr\\\/?page_id=20#primaryimage\",\"url\":\"https:\\\/\\\/topodao.fr\\\/wp-content\\\/uploads\\\/2024\\\/05\\\/logo.jpg\",\"contentUrl\":\"https:\\\/\\\/topodao.fr\\\/wp-content\\\/uploads\\\/2024\\\/05\\\/logo.jpg\",\"width\":713,\"height\":438},{\"@type\":\"BreadcrumbList\",\"@id\":\"https:\\\/\\\/topodao.fr\\\/?page_id=20#breadcrumb\",\"itemListElement\":[{\"@type\":\"ListItem\",\"position\":1,\"name\":\"Accueil\",\"item\":\"https:\\\/\\\/topodao.fr\\\/\"},{\"@type\":\"ListItem\",\"position\":2,\"name\":\"Contact Us\"}]},{\"@type\":\"WebSite\",\"@id\":\"https:\\\/\\\/topodao.fr\\\/#website\",\"url\":\"https:\\\/\\\/topodao.fr\\\/\",\"name\":\"TOPO et DAO\",\"description\":\"Des relev\u00e9s pr\u00e9cis et des dessins assist\u00e9s par ordinateur pour garantir la r\u00e9ussite de vos projets\",\"publisher\":{\"@id\":\"https:\\\/\\\/topodao.fr\\\/#organization\"},\"potentialAction\":[{\"@type\":\"SearchAction\",\"target\":{\"@type\":\"EntryPoint\",\"urlTemplate\":\"https:\\\/\\\/topodao.fr\\\/?s={search_term_string}\"},\"query-input\":{\"@type\":\"PropertyValueSpecification\",\"valueRequired\":true,\"valueName\":\"search_term_string\"}}],\"inLanguage\":\"fr-FR\"},{\"@type\":\"Organization\",\"@id\":\"https:\\\/\\\/topodao.fr\\\/#organization\",\"name\":\"TOPO et DAO\",\"url\":\"https:\\\/\\\/topodao.fr\\\/\",\"logo\":{\"@type\":\"ImageObject\",\"inLanguage\":\"fr-FR\",\"@id\":\"https:\\\/\\\/topodao.fr\\\/#\\\/schema\\\/logo\\\/image\\\/\",\"url\":\"https:\\\/\\\/topodao.fr\\\/wp-content\\\/uploads\\\/2024\\\/05\\\/ToPoLogo.webp\",\"contentUrl\":\"https:\\\/\\\/topodao.fr\\\/wp-content\\\/uploads\\\/2024\\\/05\\\/ToPoLogo.webp\",\"width\":292,\"height\":274,\"caption\":\"TOPO et DAO\"},\"image\":{\"@id\":\"https:\\\/\\\/topodao.fr\\\/#\\\/schema\\\/logo\\\/image\\\/\"}}]}<\/script>\n<!-- \/ Yoast SEO plugin. -->","yoast_head_json":{"title":"Contact Us - TOPO &amp; DAO","robots":{"index":"index","follow":"follow","max-snippet":"max-snippet:-1","max-image-preview":"max-image-preview:large","max-video-preview":"max-video-preview:-1"},"canonical":"https:\/\/topodao.fr\/?page_id=20","og_locale":"fr_FR","og_type":"article","og_title":"Contact Us - TOPO &amp; DAO","og_description":"+ Contact + Adresse : 86bis avenue de Fronton31200 TOULOUSE T\u00e9l : 06.85.64.74.51 Email : contact@topodao.fr Addresse: 86bis avenue de Fronton, 31200 Toulouse Joignable: Lun-Ven 09h00 \u00e0 17h00 T\u00e9l\u00e9phone: 06.85.64.74.51 Email: contact@topodao.fr \u00a9 Tous droits r\u00e9serv\u00e9s TOPO&#038;DAO","og_url":"https:\/\/topodao.fr\/?page_id=20","og_site_name":"TOPO &amp; DAO","article_modified_time":"2024-05-31T16:31:12+00:00","og_image":[{"url":"https:\/\/topodao.fr\/wp-content\/uploads\/2024\/05\/logo.jpg","type":"","width":"","height":""}],"twitter_card":"summary_large_image","twitter_misc":{"Dur\u00e9e de lecture estim\u00e9e":"1 minute"},"schema":{"@context":"https:\/\/schema.org","@graph":[{"@type":"WebPage","@id":"https:\/\/topodao.fr\/?page_id=20","url":"https:\/\/topodao.fr\/?page_id=20","name":"Contact Us - TOPO &amp; DAO","isPartOf":{"@id":"https:\/\/topodao.fr\/#website"},"primaryImageOfPage":{"@id":"https:\/\/topodao.fr\/?page_id=20#primaryimage"},"image":{"@id":"https:\/\/topodao.fr\/?page_id=20#primaryimage"},"thumbnailUrl":"https:\/\/topodao.fr\/wp-content\/uploads\/2024\/05\/logo.jpg","datePublished":"2024-05-31T13:31:13+00:00","dateModified":"2024-05-31T16:31:12+00:00","breadcrumb":{"@id":"https:\/\/topodao.fr\/?page_id=20#breadcrumb"},"inLanguage":"fr-FR","potentialAction":[{"@type":"ReadAction","target":["https:\/\/topodao.fr\/?page_id=20"]}]},{"@type":"ImageObject","inLanguage":"fr-FR","@id":"https:\/\/topodao.fr\/?page_id=20#primaryimage","url":"https:\/\/topodao.fr\/wp-content\/uploads\/2024\/05\/logo.jpg","contentUrl":"https:\/\/topodao.fr\/wp-content\/uploads\/2024\/05\/logo.jpg","width":713,"height":438},{"@type":"BreadcrumbList","@id":"https:\/\/topodao.fr\/?page_id=20#breadcrumb","itemListElement":[{"@type":"ListItem","position":1,"name":"Accueil","item":"https:\/\/topodao.fr\/"},{"@type":"ListItem","position":2,"name":"Contact Us"}]},{"@type":"WebSite","@id":"https:\/\/topodao.fr\/#website","url":"https:\/\/topodao.fr\/","name":"TOPO et DAO","description":"Des relev\u00e9s pr\u00e9cis et des dessins assist\u00e9s par ordinateur pour garantir la r\u00e9ussite de vos projets","publisher":{"@id":"https:\/\/topodao.fr\/#organization"},"potentialAction":[{"@type":"SearchAction","target":{"@type":"EntryPoint","urlTemplate":"https:\/\/topodao.fr\/?s={search_term_string}"},"query-input":{"@type":"PropertyValueSpecification","valueRequired":true,"valueName":"search_term_string"}}],"inLanguage":"fr-FR"},{"@type":"Organization","@id":"https:\/\/topodao.fr\/#organization","name":"TOPO et DAO","url":"https:\/\/topodao.fr\/","logo":{"@type":"ImageObject","inLanguage":"fr-FR","@id":"https:\/\/topodao.fr\/#\/schema\/logo\/image\/","url":"https:\/\/topodao.fr\/wp-content\/uploads\/2024\/05\/ToPoLogo.webp","contentUrl":"https:\/\/topodao.fr\/wp-content\/uploads\/2024\/05\/ToPoLogo.webp","width":292,"height":274,"caption":"TOPO et DAO"},"image":{"@id":"https:\/\/topodao.fr\/#\/schema\/logo\/image\/"}}]}},"_links":{"self":[{"href":"https:\/\/topodao.fr\/index.php?rest_route=\/wp\/v2\/pages\/20","targetHints":{"allow":["GET"]}}],"collection":[{"href":"https:\/\/topodao.fr\/index.php?rest_route=\/wp\/v2\/pages"}],"about":[{"href":"https:\/\/topodao.fr\/index.php?rest_route=\/wp\/v2\/types\/page"}],"author":[{"embeddable":true,"href":"https:\/\/topodao.fr\/index.php?rest_route=\/wp\/v2\/users\/1"}],"replies":[{"embeddable":true,"href":"https:\/\/topodao.fr\/index.php?rest_route=%2Fwp%2Fv2%2Fcomments&post=20"}],"version-history":[{"count":13,"href":"https:\/\/topodao.fr\/index.php?rest_route=\/wp\/v2\/pages\/20\/revisions"}],"predecessor-version":[{"id":184,"href":"https:\/\/topodao.fr\/index.php?rest_route=\/wp\/v2\/pages\/20\/revisions\/184"}],"wp:attachment":[{"href":"https:\/\/topodao.fr\/index.php?rest_route=%2Fwp%2Fv2%2Fmedia&parent=20"}],"curies":[{"name":"wp","href":"https:\/\/api.w.org\/{rel}","templated":true}]}}